what is -10222200110022 + 100?
-10222200102222
In base 11, what is 5056 - -a3a4?
1444a
In base 12, what is 1 + -380133?
-380132
In base 7, what is 512200 - -3?
512203
In base 13, what is 320bab - -22?
320c00
In base 8, what is 3237 - -7074?
12333
In base 12, what is -51 + 4a326?
4a295
In base 5, what is 13 - -2433030101?
2433030114
In base 2, what is 100010001110011111 - -110100?
100010001111010011
In base 12, what is 24 + -5ab151?
-5ab129
In base 6, what is -4212041 + 2235?
-4205402
In base 2, what is -1 + 1100100001010010000000?
1100100001010001111111
In base 13, what is 3 - -1a748b?
1a7491
In base 13, what is 4 - -357b5782?
357b5786
In base 13, what is -c70312 - 3?
-c70315
In base 16, what is -1a + -5876fe?
-587718
In base 13, what is 2 - -682a5383?
682a5385
In base 15, what is -5d6b3556 + 3?
-5d6b3553
In base 16, what is -283cd8 + 7?
-283cd1
In base 16, what is 47b5 - -14?
47c9
In base 14, what is 1 - 35a81?
-35a80
In base 9, what is 4 + 32172228?
32172233
In base 12, what is -2 - -6b110427?
6b110425
In base 7, what is 101 - 1512450?
-1512346
In base 8, what is 3241234 - 2?
3241232
In base 9, what is 536 - -53407?
54044
In base 4, what is 1013 - -1022001123?
1022002202
In base 11, what is -1858aa3 + 7?
-1858a97
In base 14, what is -5 - 34b5977?
-34b597c
In base 13, what is -7661884 + -c?
-7661893
In base 16, what is -345521 + a?
-345517
In base 6, what is -1122403535 + 22?
-1122403513
In base 16, what is 39d4fa - -67?
39d561
In base 16, what is 1b - -16027e?
160299
In base 5, what is 31112000 + 141?
31112141
In base 11, what is -21 - 5604218?
-5604239
In base 5, what is 1001021 + -3011?
443010
In base 8, what is -326 + -31425?
-31753
In base 8, what is -7617462030 + -5?
-7617462035
In base 10, what is 0 + 121998161?
121998161
In base 13, what is -66b10c - 5?
-66b114
In base 12, what is -3 + -56206b1?
-56206b4
In base 7, what is -35 - -446522521?
446522453
In base 12, what is -98 + 413b25?
413a49
In base 13, what is -33b57c - -94?
-33b4b8
In base 12, what is 73b0b5 + 0?
73b0b5
In base 8, what is -13104 - -122323?
107217
In base 16, what is -2f7c7a + 5?
-2f7c75
In base 11, what is 600 + -121005?
-120505
In base 5, what is -244330412221 + 1?
-244330412220
In base 16, what is -2d88 + -ea8?
-3c30
In base 11, what is 21225 + -1a72?
1a263
In base 6, what is 2240 + -404420?
-402140
In base 8, what is 1145 - 175455?
-174310
In base 6, what is -4302 + -315012?
-323314
In base 16, what is -302f + df9?
-2236
In base 15, what is 27 - 8c670e?
-8c66d7
In base 3, what is 1110220000120121 - -211?
1110220000121102
In base 14, what is -45 + -d045d?
-d04a4
In base 13, what is 7226b6 - 24?
722692
In base 10, what is 1754 + -46?
1708
In base 13, what is 2 - -339c862?
339c864
In base 9, what is 3 + -10131384?
-10131381
In base 2, what is 110010111001111110101001010 + 0?
110010111001111110101001010
In base 6, what is -44015 + 215052?
131033
In base 13, what is 264 - -72386?
7261a
In base 15, what is 1183c0 - -14?
1183d4
In base 7, what is 23511005 - -10?
23511015
In base 16, what is -21 + -858672?
-858693
In base 6, what is -15023222 + 21?
-15023201
In base 4, what is -103133 + -303212300?
-303322033
In base 10, what is -5261 + -160553?
-165814
In base 14, what is 15d11d + 9d?
15d1bc
In base 12, what is 5 + -202297a?
-2022975
In base 14, what is 5615 - -45?
565a
In base 8, what is 3111754446 - 3?
3111754443
In base 2, what is 10 + 111101101101101001110?
111101101101101010000
In base 11, what is -3 - -20494026?
20494023
In base 3, what is 1111200102 + 1212?
1111202021
In base 6, what is -1 - 1001311032?
-1001311033
In base 14, what is -2 + -518542?
-518544
In base 16, what is -dedf - -e9e?
-d041
In base 4, what is -11003 - -2212230010?
2212213001
In base 7, what is 45645503 + 2?
45645505
In base 11, what is 237a8890 + -1?
237a888a
In base 2, what is 0 + -10011011011000100001110111001?
-10011011011000100001110111001
In base 2, what is 11101001010110011 + -10000110?
11101001000101101
In base 7, what is -5 + 26265262?
26265254
In base 6, what is 14 + -14535424?
-14535410
In base 5, what is 32120 + -2120?
30000
In base 4, what is 1013321300333230 + -2?
1013321300333222
In base 6, what is 1035055 - 21120?
1013535
In base 3, what is 20221110020 - -1210?
20221112000
In base 11, what is 113597 - 19?
113579
In base 16, what is -946d - -bdc?
-8891
In base 3, what is 112010221 + -10022110?
101211111
In base 16, what is 1 + dfcbc62?
dfcbc63
In base 4, what is 201211 - -31323?
233200
In base 5, what is 14 - -130334020?
130334034
In base 5, what is -110110 - -1130340?
1020230
In base 13, what is 0 - 171bb3?
-171bb3
In base 16, what is -2ad - -f21?
c74
In base 2, what is -1110111101100 - 101000?
-1111000010100
In base 16, what is 17b + -133afb?
-133980
In base 16, what is 8b - -15aa1?
15b2c
In base 7, what is 12120425 + -31?
12120364
In base 8, what is -4 + -22610726?
-22610732
In base 6, what is -221031 - 20214?
-241245
In base 9, what is -5541704 + -388?
-5542203
In base 5, what is -22412343 + -211?
-22413104
In base 9, what is -5 + 5437228?
5437223
In base 12, what is -1 - -222a6425?
222a6424
In base 5, what is 102031321214 + 4?
102031321223
In base 2, what is 11010110001100000101 + -10100010?
11010110001001100011
In base 12, what is -3508a90 + 0?
-3508a90
In base 13, what is -9 - -20c07bc?
20c07b3
In base 15, what is 408 + -2760?
-2357
In base 8, what is -12 - 646100036?
-646100050
In base 11, what is -3 + -a570225?
-a570228
In base 4, what is -22021130 - -3233120?
-12122010
In base 14, what is 3a + -b3965?
-b3929
In base 11, what is 2 - 17578?
-17576
In base 11, what is -3113a - -2?
-31138
In base 4, what is 13300230 + 33133?
20000023
In base 16, what is 812bb - f6?
811c5
In base 14, what is 41468 - d67?
40501
In base 2, what is 101 + 1111000110000011001001010?
1111000110000011001001111
In base 11, what is 0 - 305934a1?
-305934a1
In base 7, what is 11232131604 - -2?
11232131606
In base 12, what is 0 - 5642563?
-5642563
In base 2, what is -10101011111111010000110 + -1011?
-10101011111111010010001
In base 13, what is -17b - 516?
-694
In base 3, what is 121020 - 100021021?
-22200001
In base 6, what is 201215 + -101414?
55401
In base 11, what is -249906 + -77?
-249982
In base 8, what is -14603 - -2667?
-11714
In base 3, what is 212212 - -2102101?
10022020
In base 7, what is 12203445 - 0?
12203445
In base 5, what is 2 + -12144412131?
-12144412124
In base 13, what is 13579 + -301?
13278
In base 11, what is 22 + -1932343?
-1932321
In base 13, what is 84ba81a - 30?
84ba7ba
In base 11, what is -18 + -399a8?
-39a15
In base 6, what is -11443151 - 23?
-11443214
In base 10, what is -3 + -4211987?
-4211990
In base 9, what is -28172 + 873?
-27188
In base 6, what is -132451405 + 120?
-132451245
In base 7, what is 402043230 - 6?
402043221
In base 10, what is -1125718695 - 2?
-1125718697
In base 8, what is -1073763 - -23?
-1073740
In base 14, what is 21d + a14?
c33
In base 10, what is -509 + -12794?
-13303
In base 8, what is 476 + -4743?
-4245
In base 4, what is -130123002 + 11131?
-130111211
In base 9, what is 171842 - -40?
171882
In base 6, what is 134 + -534122?
-533544
In base 4, what is -30322101011 - -2?
-30322101003
In base 11, what is 266 - -246581?
246837
In base 7, what is -1533 - -3662553?
3661020
In base 16, what is -5f9 - -2f72?
2979
In base 9, what is 16502 - 21715?
-4213
In base 5, what is -131011 + -3413?
-134424
In base 9, what is 17 - -17358700?
17358717
In base 13, what is -9230 - -1974?
-7589
In base 11, what is 303 - -1a76?
2279
In base 16, what is 3d5 - 3222b?
-31e56
In base 10, what is 264 - 261823?
-261559
In base 3, what is -21211001111 - 1111211?
-21212120022
In base 10, what is 2 - 318706?
-318704
In base 16, what is 469 - -13deb?
14254
In base 15, what is 48e5e - 38?
48e26
In base 11, what is 1368942 - 126?
1368817
In base 5, what is 203031040 + 243?
203031333
In base 16, what is 13f85d + 9?
13f866
In base 4, what is 1101211011203302 - 2?
1101211011203300
In base 13, what is -29 - 70c23?
-70c4c
In base 15, what is 1d9 - -38a907?
38aae1
In base 13, what is -3abbcc - 5a?
-3abc59
In base 10, what is 29 - 312744?
-312715
In base 3, what is -212120111002212 + -2?
-212120111002221
In base 3, what is -122212010000101110 - -12?
-122212010000101021
In base 16, what is